 -3*d = -d + s. What is the units digit of m?
7
Suppose 2*w + 112 = -2*w. Let d = -13 - w. What is the tens digit of d?
1
Suppose -41 - 329 = -5*k. What is the tens digit of k?
7
Suppose -5*m + 0 = -10. Suppose -6*v + m*v = -64. What is the units digit of v?
6
Let n(f) = 21*f**2 - 2*f - 14. What is the hundreds digit of n(4)?
3
Let x be (72 - 2) + (-3)/1. Suppose -x - 71 = -3*z. What is the units digit of z?
6
Let g = -5 + 12. Let j(h) = -h - 3. Let r be j(-5). Suppose 5 = r*p - g. What is the units digit of p?
6
Let u be (-8)/(-6) - 6/(-9). Let t(z) = -z - 13. Let j be t(-10). Let f = u - j. What is the units digit of f?
5
Let n(d) = -d**2 - 9*d - 6. Let v be n(-6). Suppose 2*s + 3 = -5*k, 3*k = 5*s - v - 27. What is the units digit of s?
6
Suppose 96 - 28 = 4*r. What is the tens digit of r?
1
What is the tens digit of (179/(-4))/(11/4 + -3)?
7
Let y = 97 + -42. What is the tens digit of y?
5
Let b(a) = 6*a**2 + 6*a - 2. What is the hundreds digit of b(-8)?
3
Suppose 0*b + 3*b - 9 = 3*t, 3*b + 2*t = -6. Suppose 2*r - 8 = -b. What is the units digit of r?
4
Let c = -60 + 103. What is the tens digit of c?
4
Let f(i) = 2*i**2 - i - 1. Let t be 4/14 - (-66)/14. Suppose 4*s - 8 = r + t, -2*r - 10 = 0. What is the units digit of f(s)?
5
Let w be (4 + -9)*(-4)/10. Suppose s - 2*s = -w. Suppose -s*l = l - 60. What is the tens digit of l?
2
Let a(f) = -f**3 + 9*f**2 - 6*f - 12. Let p be a(8). Suppose 10 = -2*s, 0 = -5*m - p*s + 50 + 95. What is the tens digit of m?
3
Suppose -3*a = -0*a - 162. What is the tens digit of a?
5
Let v = -2 + 9. Suppose 4*g + v = -1. Let w(b) = 2*b**2 + 4*b + 3. What is the units digit of w(g)?
3
Suppose 3*s - 204 + 45 = 0. What is the tens digit of s?
5
Suppose 50 + 0 = 2*x. What is the units digit of 9/18 + x/2?
3
Let s(m) = m**2 - 25*m + 46. What is the units digit of s(28)?
0
Let r(g) = g**2 + 4*g - 8. Let m be r(-6). Suppose 0 = -3*c + m*c + 30. What is the units digit of (-24)/(-18)*c/(-4)?
0
Suppose -2*b = -6*b + 8. Let h = 22 - b. What is the units digit of h?
0
Suppose -5*u - 1 + 26 = 0. Suppose u*h + 8 - 78 = 0. What is the units digit of h?
4
Let w(u) = -u**3 + 7*u**2 + 3*u + 1. What is the tens digit of w(7)?
2
Let v(h) = -h**2 - h + 22 + 12*h - 11. What is the units digit of v(9)?
9
What is the tens digit of 180/16 - 3/12?
1
What is the units digit of 2/(-4)*3*-2?
3
Suppose -4*t = 4*w + 24, -5*w + 2*t + 6 = -2*t. Let k(o) = -4*o + 1. Let f be k(w). What is the tens digit of 88/f + 8/36?
1
What is the units digit of 4 + ((-1)/1 - -2)?
5
Let n be ((-6)/(-9))/2*6. Let f be (1/n)/(3/(-6)). Let a = f - -8. What is the units digit of a?
7
Suppose -5 = 2*g + 3*g + 5*o, -4*o + 1 = 3*g. Let b(r) = r + 7. Let l be b(g). What is the units digit of -5*(-1 + l)*-1?
5
Suppose 5*b - 2*b - 186 = 0. What is the tens digit of b?
6
Let a(k) = k - 12. Let b be a(9). Let x(q) = 4*q**2 + q. What is the units digit of x(b)?
3
Let t(x) = 2*x**2 - 10*x + 10. What is the units digit of t(7)?
8
Let y be 1/(3/2)*3. Suppose 0 = -n + 2*h + 1, -5 = n - y*h - 2*h. What is the units digit of n?
7
Suppose -5*x - 190 = -5*y, -4*x - 2*y - 3*y - 152 = 0. Let a = x + 60. What is the tens digit of a?
2
Suppose 24 = -r - 3*r. Let j = -4 - r. Suppose 7*a - 4*a - 68 = -4*k, -6 = -a + j*k. What is the units digit of a?
6
Let w be (1 - 2)/2*-6. Let f = w - 7. Let k(l) = -l**3 - 5*l**2 - 6*l - 6. What is the units digit of k(f)?
2
Suppose 3*s - 23 = 4*k, -2*s - 4*k + 8 = 26. What is the tens digit of -1*s + (7 - -8)?
1
Suppose -2*q + 4 = -0*q. What is the tens digit of (-3 + 29/1)/q?
1
Let n(m) = -m - 6. Let o be n(-9). Suppose -o*t + 2 = d - 2, -12 = 2*t - 3*d. What is the units digit of t - ((-21)/3 - -1)?
6
What is the tens digit of (-24)/(-16)*(-124)/(-3)?
6
Suppose 2*c = -c + 45. What is the units digit of c?
5
Let m = 1 - 7. Let g be m/4*(0 - -2). Let p(o) = -o - 2. What is the units digit of p(g)?
1
Suppose -3*v - x + 170 = -0*v, x - 282 = -5*v. What is the units digit of v?
6
Suppose -3*t + 6 = -6*l + 3*l, -4*l - 5*t + 19 = 0. What is the units digit of l?
1
Suppose 0 = 2*f + 3*l + l - 28, 3*f - 39 = -5*l. What is the units digit of f?
8
Let y be (9/6)/(3/4). Suppose 6*k - 28 = y*k. What is the units digit of k?
7
Let a(s) = -s**2 - 7*s. Let w = -17 + 10. Let k be a(w). Suppose -5*t + k*t = -90. What is the units digit of t?
8
Suppose 3*h + 4*j = 745, -49 = -h - 5*j + 214. What is the tens digit of h?
4
Suppose -5*h + 25 - 6 = -3*x, 0 = h - 4*x - 14. Let u(s) = -5 - s + 4 + 3*s + s**h. What is the units digit of u(2)?
7
Let u = -18 + 19. What is the units digit of ((-50)/(-35))/(u/14)?
0
Let n = 136 + -86. What is the tens digit of n?
5
Let l(u) = 4*u**2 - 28*u + 11. What is the tens digit of l(-6)?
2
Let v(j) = -j**3 - 9*j**2 + 37*j - 9. What is the units digit of v(-13)?
6
Let v(c) = 7*c**2 - c - 3. What is the tens digit of v(2)?
2
Suppose 0 = 3*d - 23 - 25. Suppose -3*o = -4*f + d, 0*f + 20 = -3*o + 2*f. Let x = o + 20. What is the units digit of x?
2
Let f = 8 + -4. Let i(l) = 9 - 2*l + 7*l - f*l. What is the units digit of i(0)?
9
Let t(j) = j**2 - j - 1. Let r(o) = 6*o**2 - 11*o - 4. Let d(y) = -r(y) + 5*t(y). Suppose 2*z + 2*z = 20. What is the units digit of d(z)?
4
Let i(x) = x + 1. Let m(z) = z + 1. Let y(o) = -3*i(o) + 5*m(o). Suppose -5*k + 15 = 4*n, 15 = -4*n - 5. What is the tens digit of y(k)?
1
Let l(o) = o**3 + 12*o**2 - 19*o - 4. What is the tens digit of l(-13)?
7
Let u(q) = -5*q - 3. Let c = -13 - -8. What is the units digit of u(c)?
2
Let f(k) = -k**2 - 3*k + 5. Let a be f(-5). Let n(x) = x**2 + 4*x - 4. What is the units digit of n(a)?
1
Suppose 0 = 4*u - 6 - 34. What is the tens digit of u?
1
Suppose 4*g = 2*g - 4, 4*g + 48 = 4*h. Suppose 0 = c - 3 - h. Let o = c + -8. What is the units digit of o?
5
Suppose 5*r + 18 = 2*m - 16, 0 = 5*m - 2*r - 127. What is the tens digit of m?
2
Let d = 8 - -52. What is the tens digit of d?
6
Suppose 2*k - 3 - 7 = 0. Suppose k*f - 11 = 4. What is the units digit of f?
3
Let d = 9 + -6. Let y = d + 6. What is the units digit of y?
9
Suppose -4*u + 18 = 2*u. What is the units digit of u?
3
Let d(y) = 47*y + 10. What is the hundreds digit of d(4)?
1
Suppose 0 = -2*s + s + 39. Let p = 56 - s. What is the units digit of p?
7
Suppose 4*n - 3*f - 23 = 0, 0 = 4*n + 4*f - 3*f - 35. What is the units digit of (-110)/(-8) + (-6)/n?
3
Suppose 5*n - n - 12 = 0. What is the units digit of (n/4)/((-1)/(-4))?
3
Suppose 2*k - 1 = k. Let n(f) = -1. Let o(c) = 6*c - 7. Let t(x) = -6*n(x) + o(x). What is the units digit of t(k)?
5
Let m(s) = 2*s**2 - 4*s + 4. Let b be m(3). Suppose f = -5*l + b + 5, 4*l = 5*f + 12. What is the units digit of (l/12)/(1/8)?
2
Let f = -14 - -52. Suppose f = 4*p - 50. What is the units digit of p?
2
Let v be 12/78 - 24/(-13). Suppose -2*c = 2*n - 44, -3*n + 0*c = -v*c - 41. What is the tens digit of n?
1
Let f(j) = -3*j**3 - 2*j**2 + j. Let v be f(1). Let n(b) = 4 - 3 + 33*b - 35*b + 3. What is the tens digit of n(v)?
1
What is the units digit of (46/(-4))/((-14)/28)?
3
Suppose -50 = 5*d - 0*d. Let x(o) = -o + 8. What is the tens digit of x(d)?
1
What is the tens digit of ((-18)/4)/(4/(-96))?
0
Suppose -2*b + 20 = 3*b. Suppose -b*q + 24 + 20 = 0. What is the units digit of q?
1
Let r(j) = -4*j + j + 7 + 4*j. Let d be r(-7). Suppose 0*u - 5*u + 35 = d. What is the units digit of u?
7
Suppose -b + 11 = 5*t - 38, -2*b - 2*t + 66 = 0. What is the units digit of b?
9
Let v(d) = d**2 + 5*d - 6. Let k(n) = -4*n + 5. Let l(w) = 6*k(w) + 5*v(w). Let m be l(-1). What is the tens digit of m + 0 + -3 + 19?
2
Suppose 0 = 4*k - 5*k. Suppose k = -3*a - a + 24. What is the units digit of a?
6
Let s(d) = -d**3 + 2*d**2 + 4*d. Let r = -8 + 17. Suppose 2*y + y = r. What is the units digit of s(y)?
3
Suppose 0 = 4*l - 0*l + 16. Let x be 16/(-6)*(-18)/l. Let q = -2 - x. What is the units digit of q?
0
Let g(q) = -21*q - 4. What is the tens digit of g(-3)?
5
Let y(c) = -c**3 - 3*c**2 + 3*c + 2. Let d be y(-4). Let p = d - 14. Let t = 8 - p. What is the tens digit of t?
1
What is the units digit of 10/(-4)*-2*75?
5
What is the tens digit of 6/2 + 4 + (5 - -320)?
3
Let v = 0 - -4. What is the units digit of v?
4
Let o = -2 - -1. Let r = 12 - o. What is the units digit of r?
3
Let u(a) = 13*a - 51. 